b(10). Suppose -4*x + n + 74 = -n, -2*x = k*n - 22. List the prime factors of x.
17
Suppose -5*l - 179 = 121. What are the prime factors of ((-6)/(-12))/((-1)/l)?
2, 3, 5
Let k(b) = b**3 - 4*b**2 + 2*b - 4. Let y be k(3). Let p(s) = -3 - s**3 + 5*s - 4*s**2 - 4 - 2*s**2. List the prime factors of p(y).
7
Let i(a) be the first derivative of -a**3/3 + 3*a**2 + 3*a + 2. Let g(v) = -6*v**3 - 2*v**2 + 1. Let s be g(-1). What are the prime factors of i(s)?
2
Let z = -24 + 8. Let i = 30 + z. What are the prime factors of i?
2, 7
What are the prime factors of 5630/50 + 2/5?
113
Let f = 456 + -163. List the prime factors of f.
293
Let p be ((-2)/(-6))/((-9)/(-54)). Suppose -123 = -s - p*s. List the prime factors of s.
41
Suppose 488 = 12*l - 4*l. List the prime factors of l.
61
Suppose 5*i - 20 = 0, 0 = -3*h - 2*h + 4*i + 74. List the prime factors of h.
2, 3
What are the prime factors of 1*13/(-2)*-6?
3, 13
List the prime factors of -1 + 33 + (-8 - (8 + -20)).
2, 3
Suppose -5*z + 4*g + 25 = -0*z, -3*g - 19 = -4*z. Let i be 1 + (1 - z) + -12. Let p = i - -21. What are the prime factors of p?
2, 5
Let h(w) = -w**3 + 7*w**2 + 3*w + 8. What are the prime factors of h(6)?
2, 31
Let x be 3/(-2)*(1 + -3). Suppose -x*k = -0 + 9. Let p = k + 7. What are the prime factors of p?
2
Let o(n) = n**2 + 11*n + 15. What are the prime factors of o(-11)?
3, 5
Let p(s) = s + 1. Let j(q) = -1. Let h(a) = -j(a) - 3*p(a). Let m be h(-9). Suppose 0 = z - 5*w - m, w = 3*z + 6*w + 5. List the prime factors of z.
5
Let v be 52/2*(-3)/(-2). Let o = v + -22. What are the prime factors of o?
17
Let c(w) = 2*w - 55. Let t(o) = o - 28. Let i(s) = 6*c(s) - 13*t(s). What are the prime factors of i(0)?
2, 17
Let i(d) be the second derivative of -d**3/6 + 7*d**2/2 - 2*d. List the prime factors of i(5).
2
Let x = 4 - 4. Suppose 3*c - n - 26 = x, -c + 10 = 3*n - 4*n. What are the prime factors of c?
2
List the prime factors of ((-18)/4 - 2)*40/(-10).
2, 13
Suppose -y = 5*f - 18, -2*f = -2*y - 2*y + 6. Suppose 0 = -y*b + 1 + 41. List the prime factors of b.
2, 7
Let j(b) = 14*b**2 + b - 5. List the prime factors of j(2).
53
Suppose 0*o = -3*o. Let p = o - -2. What are the prime factors of p?
2
Let y = -262 + 370. What are the prime factors of y?
2, 3
Let u be (-23)/(-6) - 3/(-18). Let t(c) = -u + 5 - 9*c - c. What are the prime factors of t(-1)?
11
Suppose -137 + 3 = -l. List the prime factors of l.
2, 67
Let i be (3/(6/40))/(4/6). Suppose o = 5*o. Suppose o = k + k - i. List the prime factors of k.
3, 5
Let h be 2*3/6*5. Suppose h*q - 75 = -5*m + 3*q, -16 = -2*m + 2*q. Let i = m + -8. What are the prime factors of i?
5
Suppose 43 = 5*i + 18. Suppose 15 = a - 3*n - 0, i*a + 4*n = 56. What are the prime factors of a?
2, 3
Suppose 3*a = 4*w + 24, 4*a = -5*w + w + 4. Let i(n) = n. Let d be i(2). Let o = a - d. What are the prime factors of o?
2
Let w be 0 - (-1 - 0) - -142. Let c be (-6)/(-36) - w/(-6). Suppose 0 = -0*z - 2*z + c. List the prime factors of z.
2, 3
Let z be (-430)/(-4)*(-4)/5. Let t = z + 124. List the prime factors of t/4 + (-3)/2.
2
Suppose 0 = -2*l + 3 + 5. Suppose -l*r - 29 + 5 = -4*h, 15 = 5*r. List the prime factors of h.
3
Suppose 4*c - 5*c = 8. List the prime factors of (1 - c)/(4 + -3).
3
Let x = 8 - 6. List the prime factors of (3 + x)*14/2.
5, 7
Let w(c) = -c**3 + 3*c - 2. Let t be w(-3). Let z = t - 12. What are the prime factors of z?
2
What are the prime factors of -3*((-101)/3 - -2)?
5, 19
Let c be 1*10*40/(-50). Let b(k) = k - 5. Let z be b(3). What are the prime factors of ((-3)/z)/((-6)/c)?
2
Let c(y) = -13*y**3 - 3*y**2 - 3*y. List the prime factors of c(-2).
2, 7
Suppose 0 = -5*r - 3*b + 48, 3*b + 2*b = -2*r + 23. Suppose a + 3 = 2*a - 4*f, 3*f - 3 = -a. Suppose 0 = a*l + r - 30. List the prime factors of l.
7
Let h(m) = m**2 - 5*m - 2. Let i be h(6). Suppose 3*j + 4*k + 10 = -43, i*k = j + 39. Let v = 32 + j. List the prime factors of v.
3
Let v(b) = 32*b - 1. List the prime factors of v(1).
31
Let q = 29 + -9. List the prime factors of ((-12)/q)/(2/(-20)).
2, 3
Suppose 0*b + 4*b - 24 = 0. Let f be ((-3)/b - -1)*20. Let m(d) = d**3 - 11*d**2 + 11*d + 6. What are the prime factors of m(f)?
2
Let d(g) = -g**3 - 5*g**2 - g - 3. Let t be d(-5). Suppose t*i - r - 3 = 0, 2*i = -i + 4*r - 8. List the prime factors of i.
2
Let y be (-6)/(-27) + (-2156)/(-18). Suppose 2*w - 6*w = -y. What are the prime factors of w?
2, 3, 5
Let m = -7 - -2. Let r be 6/m*20/(-6). Suppose 17 - 1 = r*a. What are the prime factors of a?
2
Let n(q) = q**2 - 8*q - 5. Let k be n(9). Let r be (-10)/k*8/(-10). Suppose 0 = u + 5*o - 6, r*u + 5*o + 60 = 7*u. List the prime factors of u.
11
List the prime factors of 3 + 4/2 + 40.
3, 5
What are the prime factors of (2*(5 + -176))/(-1*2)?
3, 19
Let f(r) be the first derivative of 7*r**2/2 - 2*r - 3. List the prime factors of f(3).
19
Let j = 364 - 33. List the prime factors of j.
331
Suppose -3*n = -5*v - 420, -3*v - 560 = -4*n - 0*v. List the prime factors of n.
2, 5, 7
Suppose -s + 32 = 5*b, -2*s - 2*s + b + 212 = 0. What are the prime factors of s?
2, 13
Let c(d) be the second derivative of d**4/6 - d**3/2 - 3*d**2/2 - d. Let a be c(4). Suppose -u + 2*u = a. What are the prime factors of u?
17
Let g = 11 - 7. Suppose 2*m = 4*t - 92, 0 = -g*m - 0*m. What are the prime factors of t?
23
Let u = 43 - -4. List the prime factors of u.
47
Let g(y) = y**2 + 2*y - 2. Suppose -8 + 5 = -q. List the prime factors of g(q).
13
Let i be 1 + 16/(-4) - -5. Suppose 3*w - 119 = -i*w + 2*c, -3*w + 4*c + 63 = 0. List the prime factors of w.
5
Suppose -11*q + 10*q + 7 = 0. What are the prime factors of q?
7
Let a = -68 + 106. What are the prime factors of a?
2, 19
Suppose -3*n = -u - 128, 0 = 2*n - 0*u + 5*u - 74. List the prime factors of n.
2, 3, 7
Let l(w) = 8*w. List the prime factors of l(7).
2, 7
Suppose 4*n = 15 + 1. Let u be (18/4)/(n/8). What are the prime factors of (-4)/(-18) + 70/u?
2
Suppose -4*x + 0*x + 20 = 0. Suppose 0 = 4*l - x*p - 123, -3*l - p + 40 + 57 = 0. What are the prime factors of l?
2
Let k(m) = 58*m**2 + 2*m + 1. List the prime factors of k(-1).
3, 19
Let w = 0 - -15. What are the prime factors of w?
3, 5
What are the prime factors of (-14)/21 + (-320)/(-3)?
2, 53
List the prime factors of (-1)/6 + 5/((-30)/(-397)).
2, 3, 11
Let n = -1 - -6. Let q(g) = 18*g. Let x be q(4). Suppose 40 = 2*r + h, -x - 8 = -4*r - n*h. List the prime factors of r.
2, 5
Suppose j - 1 - 16 = 2*i, -5*j + 43 = -4*i. Let c = -2 - i. List the prime factors of c.
5
Suppose 3*o = 2*o + 28. What are the prime factors of o?
2, 7
Suppose 8*t = -12 + 60. Let k(o) = -4*o + 8. Let g(n) = -3*n + 8. Let q(v) = 3*g(v) - 2*k(v). List the prime factors of q(t).
2
Suppose 2*n + 4*a = 4, 2*n + a + 2 = 3*n. Suppose -2*d = n*t - 8, 8 = d - 5*t - 2. List the prime factors of d.
5
Let q(f) = 4*f**2 + 6*f - 2. What are the prime factors of q(4)?
2, 43
Let n(r) = 0*r + 3*r - 4*r - 2 - 5*r. List the prime factors of n(-3).
2
Let y = -3 + 7. Let z(c) be the second derivative of c**5/20 - c**4/3 + c**3/6 + 9*c. What are the prime factors of z(y)?
2
Suppose -2*q + 0 - 9 = -5*y, -3*q - 1 = -5*y. Suppose -q*r = -3*r - 15. Suppose -k = -5*p + 2*k + 41, 5*p + r*k = 59. List the prime factors of p.
2, 5
What are the prime factors of 2/(-7) - (-80)/35?
2
Let p(b) = -3*b**3 - 1. Let x be p(1). List the prime factors of (60/16)/((-1)/x).
3, 5
Suppose 4*c + 8 = -5*x + 2*x, -4*x - 5*c - 9 = 0. List the prime factors of x.
2
Suppose -2*m + 12 = m. Let a = m + 0. Suppose a*w - 16 = 4. What are the prime factors of w?
5
Suppose 0 = -2*m + m + 2. Suppose m*l - 100 = -3*l. Suppose 4*o - 9 = z + 1, l = 4*o. What are the prime factors of z?
2, 5
Suppose 0 = -j + 5, -195 = -3*z - 2*z - j. List the prime factors of z.
2, 19
Let m = 10 + -6. Suppose m*y = 52 + 116. What are the prime factors of y?
2, 3, 7
Let n(w) = 2*w**2 - w + 1. Suppose -14 = -3*b + 2*l, 4*b + 3*l = -7 + 3. What are the prime factors of n(b)?
7
Suppose -3*t + z + 17 = 0, -3*z = -t - 1 + 20. Let c(k) = -t*k**2 + 3*k**2 - k - 3*k - 1. What are the prime factors of c(-3)?
2
Suppose 0 = 2*x - 3*x + 3. Suppose 0 = -x*n + n + 20. List the prime factors of n.
2, 5
Suppose -j + 4*j = 63. What are the prime factors of j?
3, 7
Suppose 3*p = 2